{"id":786,"date":"2023-03-17T18:06:56","date_gmt":"2023-03-17T18:06:56","guid":{"rendered":"https:\/\/setsprops.ca\/?page_id=786"},"modified":"2026-03-10T16:47:52","modified_gmt":"2026-03-10T16:47:52","slug":"faq","status":"publish","type":"page","link":"https:\/\/setsprops.ca\/index.php\/faq\/","title":{"rendered":"FAQ"},"content":{"rendered":"<style>\/*! elementor - v3.12.0 - 29-03-2023 *\/\n.elementor-widget-image{text-align:center}.elementor-widget-image a{display:inline-block}.elementor-widget-image a img[src$=\".svg\"]{width:48px}.elementor-widget-image img{vertical-align:middle;display:inline-block}<\/style>\n<p>\t\t\t\t\t\t\t\t\t\t\t\t<img loading=\"lazy\" decoding=\"async\" width=\"300\" height=\"300\" src=\"http:\/\/setsprops.ca\/wp-content\/uploads\/2023\/02\/LOGO_SS-WEB-300x300.png\" alt=\"\" loading=\"lazy\" srcset=\"https:\/\/setsprops.ca\/wp-content\/uploads\/2023\/02\/LOGO_SS-WEB-300x300.png 300w, https:\/\/setsprops.ca\/wp-content\/uploads\/2023\/02\/LOGO_SS-WEB-150x150.png 150w, https:\/\/setsprops.ca\/wp-content\/uploads\/2023\/02\/LOGO_SS-WEB-100x100.png 100w, https:\/\/setsprops.ca\/wp-content\/uploads\/2023\/02\/LOGO_SS-WEB.png 331w\" sizes=\"auto, (max-width: 300px) 100vw, 300px\" \/><br \/>\n\t\t\t<a href=\"https:\/\/setsprops.ca\/index.php\/request-quote\/\" role=\"button\"><br \/>\n\t\t\t\t\t\tDemandez un Devis<br \/>\n\t\t\t\t\t<\/a><\/p>\n<style>\/*! elementor - v3.12.0 - 29-03-2023 *\/\n.elementor-heading-title{padding:0;margin:0;line-height:1}.elementor-widget-heading .elementor-heading-title[class*=elementor-size-]>a{color:inherit;font-size:inherit;line-height:inherit}.elementor-widget-heading .elementor-heading-title.elementor-size-small{font-size:15px}.elementor-widget-heading .elementor-heading-title.elementor-size-medium{font-size:19px}.elementor-widget-heading .elementor-heading-title.elementor-size-large{font-size:29px}.elementor-widget-heading .elementor-heading-title.elementor-size-xl{font-size:39px}.elementor-widget-heading .elementor-heading-title.elementor-size-xxl{font-size:59px}<\/style>\n<h2>FAQ<\/h2>\n<p>S&amp;S Inc est d\u00e9di\u00e9 \u00e0 la location d&rsquo;accessoires pour films et t\u00e9l\u00e9vision ! Nous sommes fiers de vous offrir un inventaire complet d&rsquo;accessoires pour vos productions. Nous avons tout ce dont vous avez besoin pour donner vie \u00e0 vos projets, que ce soit des armes factices pour les sc\u00e8nes d&rsquo;action, des accessoires de costume pour les personnages, ou des objets de d\u00e9coration pour les d\u00e9cors.<\/p>\n<p>Notre inventaire est pr\u00eat pour la location, et nous sommes en mesure de fournir les accessoires pour le temps voulu de votre production. Nous sommes conscients que chaque projet est unique et nous sommes flexibles pour r\u00e9pondre \u00e0 vos besoins sp\u00e9cifiques.<\/p>\n<style>\/*! elementor - v3.12.0 - 29-03-2023 *\/\n.elementor-toggle{text-align:left}.elementor-toggle .elementor-tab-title{font-weight:700;line-height:1;margin:0;padding:15px;border-bottom:1px solid #d5d8dc;cursor:pointer;outline:none}.elementor-toggle .elementor-tab-title .elementor-toggle-icon{display:inline-block;width:1em}.elementor-toggle .elementor-tab-title .elementor-toggle-icon svg{-webkit-margin-start:-5px;margin-inline-start:-5px;width:1em;height:1em}.elementor-toggle .elementor-tab-title .elementor-toggle-icon.elementor-toggle-icon-right{float:right;text-align:right}.elementor-toggle .elementor-tab-title .elementor-toggle-icon.elementor-toggle-icon-left{float:left;text-align:left}.elementor-toggle .elementor-tab-title .elementor-toggle-icon .elementor-toggle-icon-closed{display:block}.elementor-toggle .elementor-tab-title .elementor-toggle-icon .elementor-toggle-icon-opened{display:none}.elementor-toggle .elementor-tab-title.elementor-active{border-bottom:none}.elementor-toggle .elementor-tab-title.elementor-active .elementor-toggle-icon-closed{display:none}.elementor-toggle .elementor-tab-title.elementor-active .elementor-toggle-icon-opened{display:block}.elementor-toggle .elementor-tab-content{padding:15px;border-bottom:1px solid #d5d8dc;display:none}@media (max-width:767px){.elementor-toggle .elementor-tab-title{padding:12px}.elementor-toggle .elementor-tab-content{padding:12px 10px}}.e-con-inner>.elementor-widget-toggle,.e-con>.elementor-widget-toggle{width:var(--container-widget-width);--flex-grow:var(--container-widget-flex-grow)}<\/style>\n<p>\t\t\t\t\t\t\t\t\t\t\t\t<a href=\"\">Prix de vente et location<\/a><br \/>\n\t\t\t\t\tNous souhaitons vous informer que nos locations ont une dur\u00e9e minimale de 7 jours. Toutefois, nous sommes flexibles quant \u00e0 la prolongation de cette dur\u00e9e, en fonction de vos besoins sp\u00e9cifiques.Nous vous invitons \u00e0 nous contacter au d\u00e9but du contrat de location afin de discuter de la dur\u00e9e souhait\u00e9e et des \u00e9ventuelles extensions possibles.<\/p>\n<p>Le montant de la location correspond \u00e0 20% de la valeur du produit pour la premi\u00e8re semaine, avec des semaines additionnelles \u00e0 5%. Ce tarif de location est fix\u00e9 en fonction de la valeur du produit pour s&rsquo;assurer que nos clients b\u00e9n\u00e9ficient d&rsquo;un tarif juste et \u00e9quitable. Si un produit est endommag\u00e9 ou perdu, les frais de location ne sont pas d\u00e9duits de la facture. Dans ce cas, le client sera responsable de payer le prix initial de l&rsquo;objet.\u00a0<\/p>\n<p>Toutes les ventes sont finales. Nous ne sommes pas en mesure de rembourser ou d&rsquo;\u00e9changer un produit apr\u00e8s qu&rsquo;il a \u00e9t\u00e9 vendu.<\/p>\n<p>Sous les lumi\u00e8res du casino, avec <a href='https:\/\/casinoliraspin.com'>lira spin<\/a> des bonus pens\u00e9s pour accompagner chaque mise. Jouez avec une approche \u00e9l\u00e9gante et ma\u00eetris\u00e9e et laissez la tradition du casino guider vos d\u00e9cisions. L\u2019instant est id\u00e9al pour continuer, alors que chaque minute garde son importance.<\/p>\n<p>Dans cette atmosph\u00e8re unique, avec <a href='https:\/\/verde-france.com'>verde-france.com<\/a> des cr\u00e9dits suppl\u00e9mentaires bienvenus. Jouez dans une dynamique r\u00e9serv\u00e9e aux ambitieux et laissez la tradition du casino guider vos d\u00e9cisions. L\u2019instant est id\u00e9al pour continuer, maintenant, sans remettre \u00e0 plus tard.<\/p>\n<p>\t\t\t\t\t\t\t\t\t\t\t\t<a href=\"\">Votre devis<\/a><br \/>\n\t\t\t\t\tNous tenons \u00e0 vous informer que les prix des accessoires de production sont en constante \u00e9volution sur le march\u00e9. Ainsi, nos devis sont valables pour une dur\u00e9e de 30 jours. Pass\u00e9 ce d\u00e9lai, nous vous invitons \u00e0 nous contacter \u00e0 nouveau pour obtenir une nouvelle soumission.<\/p>\n<p>De plus, nous souhaitons vous offrir une assurance de 24 heures pour les objets que vous souhaitez r\u00e9server. Vous pouvez \u00eatre assur\u00e9 que les objets ne seront pas remis \u00e0 un autre client apr\u00e8s avoir re\u00e7u le prix de notre estimation par courriel. Toutefois, si nous ne recevons pas de r\u00e9ponse de votre part dans les 24 heures suivant l&rsquo;envoi de l&rsquo;estimation, nous ne pourrons pas garantir la disponibilit\u00e9 de l&rsquo;objet en question. Nous vous tiendrons inform\u00e9 dans ce cas.<\/p>\n<p>Nous sommes d\u00e9termin\u00e9s \u00e0 fournir un service de qualit\u00e9 \u00e0 nos clients et nous nous engageons \u00e0 respecter toutes les ententes que nous prenons avec eux. N&rsquo;h\u00e9sitez pas \u00e0 nous contacter si vous avez des questions ou des pr\u00e9occupations suppl\u00e9mentaires.<br \/>\n\t\t\t\t\t\t\t\t\t\t\t\t<a href=\"\">Les mannequins TwinsFX<\/a><br \/>\n\t\t\t\t\tS&#038;S Inc est heureux d&rsquo;offrir \u00e0 nos clients la location de corps, cadavres, momies, b\u00e9b\u00e9s et autres articles de la collection TwinsFX. Nous sommes fiers de fournir des techniciens sp\u00e9cialis\u00e9s, notamment des accessoiristes, des techniciens d&rsquo;effets sp\u00e9ciaux et des maquilleurs FX, pour r\u00e9pondre \u00e0 tous vos besoins sur le plateau de tournage.<\/p>\n<p>Cependant, si votre budget ne permet pas l&rsquo;ajout d&rsquo;un de nos collaborateurs, nous exigeons que le corps soit retourn\u00e9 dans le m\u00eame \u00e9tat que lorsqu&rsquo;il est parti. Nous attendons que la production engage des techniciens comp\u00e9tents tels que des accessoiristes, des costumiers, des maquilleurs et des coiffeurs ayant certaines comp\u00e9tences pour s&rsquo;occuper du corps et le nettoyer avant le retour. Nous facturons des frais de nettoyage\/remise \u00e0 neuf si cette condition n&rsquo;est pas respect\u00e9e.<\/p>\n<p>Veuillez noter que certains faux sang et produits de nettoyage peuvent \u00eatre contre-indiqu\u00e9s. Nous vous invitons \u00e0 valider avec notre \u00e9quipe avant de proc\u00e9der \u00e0 toute utilisation de ces produits.<br \/>\n\t\t\t\t\t\t\t\t\t\t\t\t<a href=\"\">Paiement<\/a><br \/>\n\t\t\t\t\tNous souhaitons informer nos clients que le paiement en ligne via notre site web ou par virement Interac est notre m\u00e9thode pr\u00e9f\u00e9r\u00e9e pour effectuer les transactions de paiement. Nous encourageons nos clients \u00e0 utiliser ces m\u00e9thodes pour leur commodit\u00e9 et leur s\u00e9curit\u00e9.<\/p>\n<p>Nous tenons \u00e9galement \u00e0 souligner que les productions qui paient par virement bancaire doivent fournir un avis de d\u00e9p\u00f4t par courriel pour \u00e9viter tout risque de double paiement. La gestion comptable avec les compagnies \u00e0 num\u00e9ros en quantit\u00e9 peut \u00eatre difficile, et nous appr\u00e9cions votre collaboration pour faciliter ce processus.<\/p>\n<p>Pour les ventes, nous acceptons les paiements par virement Interac ou en esp\u00e8ces lors du ramassage. Nous sommes engag\u00e9s \u00e0 fournir un service client\u00e8le exceptionnel et \u00e0 faciliter le processus de paiement pour tous nos client<br \/>\n\t\t\t\t\t\t\t\t\t\t\t\t<a href=\"\">\u00c9change<\/a><br \/>\n\t\t\t\t\tAucun \u00e9change n&rsquo;est possible pour les objets lou\u00e9s aupr\u00e8s de notre entreprise. Cependant, nous offrons la possibilit\u00e9 de re-louer ces objets une fois qu&rsquo;ils ont \u00e9t\u00e9 retourn\u00e9s en bon \u00e9tat.<\/p>\n<p>Si vous \u00eates int\u00e9ress\u00e9(e) par cette option, nous vous encourageons \u00e0 nous contacter \u00e0 l&rsquo;avance pour convenir d&rsquo;un accord mutuellement avantageux. Nous sommes disponibles pour discuter des d\u00e9tails et des conditions de location afin de r\u00e9pondre \u00e0 vos besoins sp\u00e9cifiques.<br \/>\n\t\t\t\t\t\t\t\t\t\t\t\t<a href=\"\">Transport<\/a><br \/>\n\t\t\t\t\tS&#038;S Inc. ne fournit pas de transport pour les objets lou\u00e9s. Il incombe \u00e0 la production de s&rsquo;organiser pour prendre en charge le transport des objets lou\u00e9s, que ce soit pour la livraison ou pour le retour.<\/p>\n<p>Nous tenons \u00e0 souligner que m\u00eame si la production ne vient pas chercher la commande la facture sera enti\u00e8rement factur\u00e9e. Nous demandons \u00e0 nos clients de faire preuve de diligence raisonnable pour s&rsquo;assurer que les objets sont r\u00e9cup\u00e9r\u00e9s dans les d\u00e9lais impartis afin d&rsquo;\u00e9viter des frais suppl\u00e9mentaires.<br \/>\n\t\t\t\t\t\t\t\t\t\t\t\t<a href=\"\">Prise en charge et remise de commande<\/a><br \/>\n\t\t\t\t\tLes heures r\u00e9guli\u00e8res pour prendre et retourner votre commande sont du lundi au vendredi, de 9h00 \u00e0 17h00, mais veuillez noter que ces heures sont \u00e0 titre indicatif. Si nous ne sommes pas disponibles \u00e0 l&rsquo;atelier, veuillez contacter <b>via texto<\/b> Seb (514-651-7220) ou Sab (514-602-1622) afin de prendre rendez-vous.<\/p>\n<p>Nous comprenons que certains projets peuvent n\u00e9cessiter une flexibilit\u00e9 quant aux heures de prise et de retour des objets, et nous sommes ouverts \u00e0 la discussion pour trouver une solution qui convient \u00e0 nos clients. Cependant, nous tenons \u00e0 souligner qu&rsquo;en dehors de ces heures r\u00e9guli\u00e8res, des frais de 50 $ pourraient \u00eatre factur\u00e9s si aucune entente n&rsquo;a \u00e9t\u00e9 prise au pr\u00e9alable. Ces frais sont destin\u00e9s \u00e0 couvrir les co\u00fbts suppl\u00e9mentaires associ\u00e9s \u00e0 la pr\u00e9paration et \u00e0 la remise de l&rsquo;objet en dehors des heures normales de fonctionnement.<br \/>\n\t\t\t\t\t\t\t\t\t\t\t\t<a href=\"\"> Infographie Digitale<\/a><br \/>\n\t\t\t\t\tLes t\u00e9l\u00e9chargements d&rsquo;infographies seront fournis par Catherine Gilbert Design via notre site web, une fois que cette option sera disponible.<\/p>\n<p>Nous sommes \u00e9galement en train de travailler sur d&rsquo;autres fonctionnalit\u00e9s qui seront disponibles sur notre site web dans un avenir proche. Nous fournirons plus de d\u00e9tails sur ces fonctionnalit\u00e9s d\u00e8s qu&rsquo;elles seront disponibles.<\/p>\n<h2>Plan du Site<\/h2>\n<link rel=\"stylesheet\" href=\"https:\/\/setsprops.ca\/wp-content\/plugins\/elementor\/assets\/css\/widget-icon-list.min.css\">\n<ul>\n<li>\n\t\t\t\t\t\t\t\t\t\t\t<a href=\"https:\/\/setsprops.ca\/index.php\/request-quote\/\"><br \/>\n\t\t\t\t\t\t\t\t\t\tDemander un devis<br \/>\n\t\t\t\t\t\t\t\t\t\t\t<\/a>\n\t\t\t\t\t\t\t\t\t<\/li>\n<li>\n\t\t\t\t\t\t\t\t\t\t\t<a href=\"mailto:infos@setsprops.ca\"><br \/>\n\t\t\t\t\t\t\t\t\t\tContactez-nous<br \/>\n\t\t\t\t\t\t\t\t\t\t\t<\/a>\n\t\t\t\t\t\t\t\t\t<\/li>\n<li>\n\t\t\t\t\t\t\t\t\t\t\t<a href=\"https:\/\/setsprops.ca\/index.php\/fonctionement\/\"><br \/>\n\t\t\t\t\t\t\t\t\t\tFAQ<br \/>\n\t\t\t\t\t\t\t\t\t\t\t<\/a>\n\t\t\t\t\t\t\t\t\t<\/li>\n<\/ul>\n<style>\/*! elementor - v3.12.0 - 29-03-2023 *\/\n.elementor-widget-social-icons.elementor-grid-0 .elementor-widget-container,.elementor-widget-social-icons.elementor-grid-mobile-0 .elementor-widget-container,.elementor-widget-social-icons.elementor-grid-tablet-0 .elementor-widget-container{line-height:1;font-size:0}.elementor-widget-social-icons:not(.elementor-grid-0):not(.elementor-grid-tablet-0):not(.elementor-grid-mobile-0) .elementor-grid{display:inline-grid}.elementor-widget-social-icons .elementor-grid{grid-column-gap:var(--grid-column-gap,5px);grid-row-gap:var(--grid-row-gap,5px);grid-template-columns:var(--grid-template-columns);justify-content:var(--justify-content,center);justify-items:var(--justify-content,center)}.elementor-icon.elementor-social-icon{font-size:var(--icon-size,25px);line-height:var(--icon-size,25px);width:calc(var(--icon-size, 25px) + (2 * var(--icon-padding, .5em)));height:calc(var(--icon-size, 25px) + (2 * var(--icon-padding, .5em)))}.elementor-social-icon{--e-social-icon-icon-color:#fff;display:inline-flex;background-color:#69727d;align-items:center;justify-content:center;text-align:center;cursor:pointer}.elementor-social-icon i{color:var(--e-social-icon-icon-color)}.elementor-social-icon svg{fill:var(--e-social-icon-icon-color)}.elementor-social-icon:last-child{margin:0}.elementor-social-icon:hover{opacity:.9;color:#fff}.elementor-social-icon-android{background-color:#a4c639}.elementor-social-icon-apple{background-color:#999}.elementor-social-icon-behance{background-color:#1769ff}.elementor-social-icon-bitbucket{background-color:#205081}.elementor-social-icon-codepen{background-color:#000}.elementor-social-icon-delicious{background-color:#39f}.elementor-social-icon-deviantart{background-color:#05cc47}.elementor-social-icon-digg{background-color:#005be2}.elementor-social-icon-dribbble{background-color:#ea4c89}.elementor-social-icon-elementor{background-color:#d30c5c}.elementor-social-icon-envelope{background-color:#ea4335}.elementor-social-icon-facebook,.elementor-social-icon-facebook-f{background-color:#3b5998}.elementor-social-icon-flickr{background-color:#0063dc}.elementor-social-icon-foursquare{background-color:#2d5be3}.elementor-social-icon-free-code-camp,.elementor-social-icon-freecodecamp{background-color:#006400}.elementor-social-icon-github{background-color:#333}.elementor-social-icon-gitlab{background-color:#e24329}.elementor-social-icon-globe{background-color:#69727d}.elementor-social-icon-google-plus,.elementor-social-icon-google-plus-g{background-color:#dd4b39}.elementor-social-icon-houzz{background-color:#7ac142}.elementor-social-icon-instagram{background-color:#262626}.elementor-social-icon-jsfiddle{background-color:#487aa2}.elementor-social-icon-link{background-color:#818a91}.elementor-social-icon-linkedin,.elementor-social-icon-linkedin-in{background-color:#0077b5}.elementor-social-icon-medium{background-color:#00ab6b}.elementor-social-icon-meetup{background-color:#ec1c40}.elementor-social-icon-mixcloud{background-color:#273a4b}.elementor-social-icon-odnoklassniki{background-color:#f4731c}.elementor-social-icon-pinterest{background-color:#bd081c}.elementor-social-icon-product-hunt{background-color:#da552f}.elementor-social-icon-reddit{background-color:#ff4500}.elementor-social-icon-rss{background-color:#f26522}.elementor-social-icon-shopping-cart{background-color:#4caf50}.elementor-social-icon-skype{background-color:#00aff0}.elementor-social-icon-slideshare{background-color:#0077b5}.elementor-social-icon-snapchat{background-color:#fffc00}.elementor-social-icon-soundcloud{background-color:#f80}.elementor-social-icon-spotify{background-color:#2ebd59}.elementor-social-icon-stack-overflow{background-color:#fe7a15}.elementor-social-icon-steam{background-color:#00adee}.elementor-social-icon-stumbleupon{background-color:#eb4924}.elementor-social-icon-telegram{background-color:#2ca5e0}.elementor-social-icon-thumb-tack{background-color:#1aa1d8}.elementor-social-icon-tripadvisor{background-color:#589442}.elementor-social-icon-tumblr{background-color:#35465c}.elementor-social-icon-twitch{background-color:#6441a5}.elementor-social-icon-twitter{background-color:#1da1f2}.elementor-social-icon-viber{background-color:#665cac}.elementor-social-icon-vimeo{background-color:#1ab7ea}.elementor-social-icon-vk{background-color:#45668e}.elementor-social-icon-weibo{background-color:#dd2430}.elementor-social-icon-weixin{background-color:#31a918}.elementor-social-icon-whatsapp{background-color:#25d366}.elementor-social-icon-wordpress{background-color:#21759b}.elementor-social-icon-xing{background-color:#026466}.elementor-social-icon-yelp{background-color:#af0606}.elementor-social-icon-youtube{background-color:#cd201f}.elementor-social-icon-500px{background-color:#0099e5}.elementor-shape-rounded .elementor-icon.elementor-social-icon{border-radius:10%}.elementor-shape-circle .elementor-icon.elementor-social-icon{border-radius:50%}<\/style>\n<p>\t\t\t\t\t<a target=\"_blank\" rel=\"noopener\"><br \/>\n\t\t\t\t\t\tFacebook-f<br \/>\n\t\t\t\t\t\t\t\t\t\t\t<\/a><br \/>\n\t\t\t\t\t<a target=\"_blank\" rel=\"noopener\"><br \/>\n\t\t\t\t\t\tYoutube<br \/>\n\t\t\t\t\t\t\t\t\t\t\t<\/a><br \/>\n\t\t\t\t\t<a target=\"_blank\" rel=\"noopener\"><br \/>\n\t\t\t\t\t\tInstagram<br \/>\n\t\t\t\t\t\t\t\t\t\t\t<\/a><\/p>\n<h3>\u00a9 All rights reserved 2023<\/h3>\n<h5>Made with \u2764 by  Catherine Gilbert Desgin<\/h5>\n","protected":false},"excerpt":{"rendered":"<p>Demandez un Devis FAQ S&amp;S Inc est d\u00e9di\u00e9 \u00e0 la location d&rsquo;accessoires pour films et t\u00e9l\u00e9vision ! Nous sommes fiers de vous offrir un inventaire complet d&rsquo;accessoires pour vos productions. [&hellip;]<\/p>\n","protected":false},"author":1,"featured_media":0,"parent":0,"menu_order":0,"comment_status":"closed","ping_status":"closed","template":"elementor_canvas","meta":{"footnotes":""},"class_list":["post-786","page","type-page","status-publish","hentry"],"aioseo_notices":[],"_links":{"self":[{"href":"https:\/\/setsprops.ca\/index.php\/wp-json\/wp\/v2\/pages\/786","targetHints":{"allow":["GET"]}}],"collection":[{"href":"https:\/\/setsprops.ca\/index.php\/wp-json\/wp\/v2\/pages"}],"about":[{"href":"https:\/\/setsprops.ca\/index.php\/wp-json\/wp\/v2\/types\/page"}],"author":[{"embeddable":true,"href":"https:\/\/setsprops.ca\/index.php\/wp-json\/wp\/v2\/users\/1"}],"replies":[{"embeddable":true,"href":"https:\/\/setsprops.ca\/index.php\/wp-json\/wp\/v2\/comments?post=786"}],"version-history":[{"count":28,"href":"https:\/\/setsprops.ca\/index.php\/wp-json\/wp\/v2\/pages\/786\/revisions"}],"predecessor-version":[{"id":2334,"href":"https:\/\/setsprops.ca\/index.php\/wp-json\/wp\/v2\/pages\/786\/revisions\/2334"}],"wp:attachment":[{"href":"https:\/\/setsprops.ca\/index.php\/wp-json\/wp\/v2\/media?parent=786"}],"curies":[{"name":"wp","href":"https:\/\/api.w.org\/{rel}","templated":true}]}}