{"id":1333,"date":"2023-03-27T14:42:26","date_gmt":"2023-03-27T14:42:26","guid":{"rendered":"https:\/\/setsprops.ca\/?post_type=product&#038;p=1333"},"modified":"2023-05-02T18:29:33","modified_gmt":"2023-05-02T18:29:33","slug":"accessoires-bebe-2","status":"publish","type":"product","link":"https:\/\/setsprops.ca\/index.php\/product\/accessoires-bebe-2\/","title":{"rendered":"Accessoires B\u00e9b\u00e9"},"content":{"rendered":"<p>Description \u00e0 venir<\/p>\n","protected":false},"excerpt":{"rendered":"<p>Description \u00e0 venir<\/p>\n","protected":false},"featured_media":1342,"template":"","meta":[],"product_brand":[],"product_cat":[405,404,284],"product_tag":[412,410,121,286,413,411],"class_list":{"0":"post-1333","1":"product","2":"type-product","3":"status-publish","4":"has-post-thumbnail","6":"product_cat-accessoires-bebe","7":"product_cat-accessoires-pour-enfants","8":"product_cat-couverture-jete","9":"product_tag-baleine","10":"product_tag-bavette","11":"product_tag-bebe","12":"product_tag-couverture","13":"product_tag-doudou","14":"product_tag-toutou","16":"first","17":"instock","18":"taxable","19":"shipping-taxable","20":"purchasable","21":"product-type-variable"},"aioseo_notices":[],"_links":{"self":[{"href":"https:\/\/setsprops.ca\/index.php\/wp-json\/wp\/v2\/product\/1333","targetHints":{"allow":["GET"]}}],"collection":[{"href":"https:\/\/setsprops.ca\/index.php\/wp-json\/wp\/v2\/product"}],"about":[{"href":"https:\/\/setsprops.ca\/index.php\/wp-json\/wp\/v2\/types\/product"}],"wp:featuredmedia":[{"embeddable":true,"href":"https:\/\/setsprops.ca\/index.php\/wp-json\/wp\/v2\/media\/1342"}],"wp:attachment":[{"href":"https:\/\/setsprops.ca\/index.php\/wp-json\/wp\/v2\/media?parent=1333"}],"wp:term":[{"taxonomy":"product_brand","embeddable":true,"href":"https:\/\/setsprops.ca\/index.php\/wp-json\/wp\/v2\/product_brand?post=1333"},{"taxonomy":"product_cat","embeddable":true,"href":"https:\/\/setsprops.ca\/index.php\/wp-json\/wp\/v2\/product_cat?post=1333"},{"taxonomy":"product_tag","embeddable":true,"href":"https:\/\/setsprops.ca\/index.php\/wp-json\/wp\/v2\/product_tag?post=1333"}],"curies":[{"name":"wp","href":"https:\/\/api.w.org\/{rel}","templated":true}]}}